{"id":176,"date":"2019-08-28T15:24:13","date_gmt":"2019-08-28T13:24:13","guid":{"rendered":"http:\/\/fnaem-assurance.com\/?page_id=176"},"modified":"2025-02-18T15:41:26","modified_gmt":"2025-02-18T14:41:26","slug":"telechargement","status":"publish","type":"page","link":"https:\/\/fnaem-assurance.com\/index.php\/telechargement\/","title":{"rendered":"T\u00e9l\u00e9chargement"},"content":{"rendered":"\n<p>Pour obtenir un devis personnalis\u00e9, t\u00e9l\u00e9chargez le questionnaire FNAEM (version Word ou pdf).<\/p>\n\n\n\n<p>Merci de nous le renvoyer \u00e0 l\u2019adresse : christophe.heberle@mma.fr<\/p>\n\n\n\n<p><a href=\"http:\/\/fnaem-assurance.com\/wp-content\/uploads\/2025\/02\/CNEF-QuestionnaireWord.docx\">T\u00e9l\u00e9chargement questionnaire CNEF<\/a> (version Word)<\/p>\n\n\n\n<p><a href=\"http:\/\/fnaem-assurance.com\/wp-content\/uploads\/2025\/02\/CNEF-Questionnaire.pdf\">T\u00e9l\u00e9chargement questionnaire CNEF<\/a> (version pdf)<\/p>\n\n\n\n<p><\/p>\n","protected":false},"excerpt":{"rendered":"<p>Pour obtenir un devis personnalis\u00e9, t\u00e9l\u00e9chargez le questionnaire FNAEM (version Word ou pdf). Merci de nous le renvoyer \u00e0 l\u2019adresse : christophe.heberle@mma.fr T\u00e9l\u00e9chargement questionnaire CNEF (version Word) T\u00e9l\u00e9chargement questionnaire CNEF [&hellip;]<\/p>\n","protected":false},"author":1,"featured_media":0,"parent":0,"menu_order":0,"comment_status":"closed","ping_status":"closed","template":"page_fullwidth.php","meta":{"footnotes":""},"class_list":["post-176","page","type-page","status-publish","hentry"],"_links":{"self":[{"href":"https:\/\/fnaem-assurance.com\/index.php\/wp-json\/wp\/v2\/pages\/176","targetHints":{"allow":["GET"]}}],"collection":[{"href":"https:\/\/fnaem-assurance.com\/index.php\/wp-json\/wp\/v2\/pages"}],"about":[{"href":"https:\/\/fnaem-assurance.com\/index.php\/wp-json\/wp\/v2\/types\/page"}],"author":[{"embeddable":true,"href":"https:\/\/fnaem-assurance.com\/index.php\/wp-json\/wp\/v2\/users\/1"}],"replies":[{"embeddable":true,"href":"https:\/\/fnaem-assurance.com\/index.php\/wp-json\/wp\/v2\/comments?post=176"}],"version-history":[{"count":15,"href":"https:\/\/fnaem-assurance.com\/index.php\/wp-json\/wp\/v2\/pages\/176\/revisions"}],"predecessor-version":[{"id":235,"href":"https:\/\/fnaem-assurance.com\/index.php\/wp-json\/wp\/v2\/pages\/176\/revisions\/235"}],"wp:attachment":[{"href":"https:\/\/fnaem-assurance.com\/index.php\/wp-json\/wp\/v2\/media?parent=176"}],"curies":[{"name":"wp","href":"https:\/\/api.w.org\/{rel}","templated":true}]}}